5 - a. Is i prime?
True
Let y = 4906 - 3024. Is (y/5)/((-16)/(-40)) composite?
False
Let n(o) = 70*o**3 + 32*o**2 - 139*o + 36. Is n(11) composite?
False
Suppose 4*w + 3*h = 9, -h = -3*w + 3*h - 12. Let o be ((-1)/(-3)*w)/(4 + -1). Suppose 2*g + 4*d + 1469 = 7*g, o = 5*g + d - 1464. Is g a composite number?
False
Suppose 4*v + 4*y + 12305 = 7*v, -8208 = -2*v - 2*y. Suppose v + 41776 = 3*q - 3*w, 0 = -5*q + 4*w + 76465. Is q composite?
True
Let c(q) = 497*q - 330. Let h(p) = 26*p - 29. Let i be h(2). Is c(i) a composite number?
True
Suppose -5*p - 4*u + 3972 = -0*p, 0 = 4*p - 5*u - 3153. Let n be p + 12/4*-1. Let r = n - 304. Is r composite?
True
Let t = 9440 - -39291. Is t composite?
False
Suppose 6*t + 4*t - 50 = 0. Suppose -t*q + 5*u = -36965, 170*q + u = 166*q + 29572. Is q a composite number?
False
Suppose -5*t + 3*c + 2709 = 0, -8*t + 12*t = -2*c + 2154. Suppose -534*j + t*j = 27954. Is j a composite number?
True
Let f = 111 + -105. Is (-2996)/((-12)/3) - f prime?
True
Let c = -54118 + 139083. Is c a prime number?
False
Suppose -5*x - 16 = u, 0*x = -4*u - 2*x + 8. Suppose -h - 20081 = -3*f, -4*f = -u*h + 5*h - 26770. Let v = -3972 + f. Is v a prime number?
False
Let c(o) be the second derivative of -o**5/5 - 13*o**4/12 - o**3/3 + 6*o**2 - 58*o. Is c(-9) prime?
False
Suppose 2512855 = 3*s + z, 1675246 = -884*s + 886*s - 4*z. Is s prime?
True
Suppose 10*f = -38*f + 4847501 - 1826429. Is f a prime number?
True
Let b = -142584 - -219653. Is b composite?
False
Let h(c) = 10*c**3 - 25*c**2 + 101*c - 171. Is h(22) a prime number?
True
Let f = 39 - 32. Suppose 3*r = f*r - 2580. Suppose 2*t + 0*c - c = 264, -5*t + r = 5*c. Is t a prime number?
True
Suppose -4*w + w + l = -98811, -5*w + 164685 = -5*l. Is w a prime number?
False
Let v(g) = 3608*g. Let r be v(1). Let u be ((-2196)/(-72))/((-3)/(-708)). Suppose -u = -4*o - c, 2*o + 5*c + 0*c - r = 0. Is o prime?
False
Suppose -54*a + 3099727 + 1858742 = -1609497. Is a a prime number?
False
Let p(o) = 1020*o**2 + 5*o - 37. Is p(-6) a prime number?
True
Let j = 154 + 3260. Let q = 5747 - j. Is q composite?
False
Suppose -15*r + 935584 = r. Suppose -184742 = -4*y - r. Is y a prime number?
True
Suppose -2*u + 5*f = -57281, -20324 - 8322 = -u - 3*f. Is u a composite number?
False
Suppose -p + 2*k - 62 = -231, -4*p = -2*k - 670. Suppose -3*j + 15 = 3. Suppose j*r - 521 = -3*n - p, 5*n + 2*r - 590 = 0. Is n a composite number?
True
Suppose -8*i + 139 = -229. Suppose 61*o - i*o - 27555 = 0. Is o a composite number?
True
Let s be 1 - 30/(-14) - (-3)/(-21). Suppose t = k + 7, 6*t - s*t = -2*k + 26. Suppose 1322 = -t*i + 5794. Is i a prime number?
False
Let r = 127591 - -22882. Is r a composite number?
False
Let c be -2*(-128)/6*10404/68. Suppose c = 15*v - 8082. Is v a prime number?
False
Let l(u) = 6*u**2 + 17*u + 4. Let w = -66 + 69. Let x(t) = -t**2 - t - 1. Let i be x(w). Is l(i) a composite number?
False
Let t = 721 + -3812. Suppose -4*q + 1700 = -15772. Let n = t + q. Is n prime?
True
Suppose -2*b + 95322 = 46*s - 44*s, -190669 = -4*s + b. Is s a composite number?
True
Let h(o) be the second derivative of -o**4/6 - 25*o**3/6 - 16*o**2 - 62*o. Is h(-9) a composite number?
False
Is ((-17354)/(-1) + -15)/1 prime?
False
Let g(m) = -m**3 + 24*m**2 + 17*m - 17. Let y be g(19). Suppose -l + 6438 = y. Is l prime?
True
Let u = -46 + 49. Suppose i + u*k - 116 = 0, 2*k + 645 = 4*i + 139. Let h = 302 - i. Is h a prime number?
False
Suppose 3*h - 49*z = -47*z + 249603, -2*h + 166397 = -3*z. Is h prime?
True
Suppose 62*q - 44*q + 3843774 = 0. Let s = -86500 - q. Is s a prime number?
False
Let l(v) be the first derivative of -v**3/3 - 4*v**2 - 4*v + 11. Let t be l(-6). Suppose f + t*f = 3771. Is f a composite number?
False
Let b(x) = -310*x + 8. Let j be b(-3). Let k = 327 - j. Let v = 168 - k. Is v a prime number?
False
Suppose 0 = -h - 4*t + 39339, h - 155*t = -157*t + 39333. Is h a prime number?
False
Suppose 0 = -5*d - 25, 4*c - 2*d - 123059 = 253755. Is c composite?
False
Let a be (-10748)/(-4) - (-1 + 3 + -1). Let b be (3/6)/(3/114). Suppose b*c - a = 17*c. Is c a prime number?
False
Suppose -6*u + 8*u = -19362. Let v = u - -13792. Is v prime?
True
Is (-283482)/(-15) - (4 - (-84)/100*-5) a composite number?
False
Suppose 2*j - 5*q = 12, -2*q = 4*j - 7 - 17. Suppose 0 = -2*x + j*x - 12068. Is x prime?
False
Suppose -3*y + 4 = 5*s, -2*s + 6*s = -y + 6. Let v be -3*((-2)/2)/((-2)/y). Suppose -d = -2*g + v*g - 478, -4*g = -5*d + 2417. Is d a composite number?
True
Suppose -5*p + 25 = -5*t, 3*p + 3*t + 15 = 7*p. Let a be 74/14 - (-8)/(-28). Suppose -3*z = -y + 167, p = -a*y + 4*z - 188 + 1001. Is y a prime number?
False
Let a = 540107 + -218218. Is a composite?
False
Let p be (1/(-3) + (-5)/30)*-16. Suppose 10 = i - 4*k - 6, -2*k = p. Is (i + -2 - -3)*2521 prime?
True
Let i(b) = 14661*b + 44. Is i(10) a composite number?
True
Let x = 39725 + -9666. Is x composite?
False
Suppose 7*u + u = -16. Let p be -3*u/(-9)*-2631. Let b = p - -191. Is b a prime number?
False
Let n(r) be the first derivative of 3/2*r**2 + 16/3*r**3 - 41 - 8*r. Is n(-5) a prime number?
False
Suppose -18*l + 1910769 = 30*l + 351201. Is l a composite number?
False
Suppose 88294 = 2*u - 4*v, -2*u - 1030*v + 1035*v + 88288 = 0. Is u composite?
False
Let u(h) = 21*h - 100. Let x be u(5). Suppose 18*i + 4*s = 16*i + 6746, -5*i = x*s - 16860. Is i composite?
False
Suppose 4*m + 116969 = 5*h, 4*h + 2*m - 93608 = -3*m. Suppose -36*f + 3*f = -h. Is f prime?
True
Let l(b) = -12*b + 216. Let k be l(35). Let y = k - -3517. Is y a composite number?
False
Let o(f) = 2312*f + 10. Let k be o(-6). Let b = k - -19593. Is b prime?
False
Suppose 0 = -4*w - 7464 + 66788. Suppose -4178 = 3*r - w. Is r a composite number?
True
Let x(z) = 6101*z**2 - 955*z + 23. Is x(11) prime?
False
Suppose -j - 394090 = -13*j + 2*j. Is j prime?
True
Let w(d) = 2*d**2 + 22*d + 21. Let p be w(-10). Is p/5*(2 - -8283) prime?
True
Let n(c) = -419*c - 37. Let q(o) = 3*o + 2. Let a(z) = -n(z) - 6*q(z). Is a(8) a prime number?
False
Let v(w) = 16*w - 29. Let z be v(2). Let g(k) = 7*k**3 + 9*k**2 - k + 4. Is g(z) a composite number?
False
Suppose 2*b - 175895 = q, -2*b - 5*q = -167488 - 8437. Is (5/(-40) - b/16)*-1 a composite number?
True
Let g be 577445/35 + 12/(-28). Let h = 29085 - g. Is h composite?
True
Let n = 638718 + -71707. Is n a composite number?
False
Let l be (-1)/((-1)/(-2)*1). Let n(x) = 37*x**2 + 17*x - 5. Let z(m) = 74*m**2 + 39*m - 10. Let j(p) = 9*n(p) - 4*z(p). Is j(l) a composite number?
False
Suppose 15*d - 11*d + 5670683 = 23*d. Is d a composite number?
True
Let p(h) = 5764*h**3 - 4*h**2 + h + 4. Let j(q) = -11527*q**3 + 9*q**2 - 2*q - 9. Let c(l) = 6*j(l) + 13*p(l). Is c(1) composite?
True
Let b be (30/4)/((-1)/(-6)). Is 27/b + (-38391)/(-15) + 3 a prime number?
False
Let l be (-2)/(-5)*((4 - 4) + 10). Suppose 96 = l*g - 412. Suppose o - g = 4*y - 5*y, -5*y = 0. Is o a prime number?
True
Let j = 6290 + -12635. Let i = -1178 - j. Is i prime?
True
Let k(c) be the first derivative of 245*c**3/3 - 3*c**2 - 5*c + 11. Let i be k(5). Suppose 0*v + i = 5*g - v, -g = v - 1224. Is g prime?
False
Suppose -79*k + 21638646 = -61*k. Is k prime?
True
Let n be (-180)/27 + 4/6. Is (-7)/((-2959)/17718 + (-1)/n) a prime number?
False
Let i(a) = 3*a**2 - 19*a + 8. Let u be i(6). Suppose 2*b - 6*b + 3*o = -1, 3*o - 1 = u*b. Is (b + -6)*(-2 + (-2401)/5) a composite number?
False
Let n = -3680 - -6572. Let f = n - -802. Is f a prime number?
False
Let m be (2377/(-2))/((-3)/(-12)). Let y = -1555 - m. Is y a prime number?
False
Let o be (-19)/2 + 9 + (-4946)/4. Let p = 2948 + o. Is p composite?
True
Suppose 197*u - 16743950 = 22*u + 14595225. Is u a prime number?
False
Is (16477*(-2)/(-4))/(2/4) a composite number?
False
Let g(j) = 11*j**3 + 18*j**2 + 94*j + 4. Let i(m) = 19*m**3 + 35*m**2 + 188*m + 9. Let f(p) = 7*g(p) - 4*i(p). Is f(19) a prime number?
True
Suppose 64*p + 112*p - 53*p = 37701591. Is p a composite number?
False
Let l = -458 + 464. Let j(f) = 225*f + 13 - 52*f + 8. Is j(l) a prime number?
False
Let a be 15*5/60*4. Let j be 2/(-6)*3 + a. Suppose -j*l + 65 + 23 = 0. Is l a prime number?
False
Suppose -8*f = -2*f - 11466. Let b = f - 550. Is b a prime number?
True
Let v be (-246